eatest common divisor of s and v?
41
Suppose -2*q - 72 = -3*h, -h + 2*q - 5 = -33. Let c be ((-57 - -3)/(-3))/(3/33). What is the greatest common factor of h and c?
22
Let b be (-11)/((-44)/2428) - 2. What is the highest common divisor of 15 and b?
5
Let t(z) = -28*z + 8. Let q be t(-6). Let v = -1147 - -687. Let s = v + 476. Calculate the highest common factor of q and s.
16
Let p = -174 + 39. Let w = -69 - p. Suppose -5*a = -506 + w. What is the highest common factor of a and 11?
11
Suppose 5*k = l + 31 + 43, 2*l = -2*k + 20. Suppose 4*n + 3*n = k. What is the greatest common factor of 1 and n?
1
Let w be (183/5 + (-6)/(-15))/((-6)/(-54)). What is the greatest common divisor of 54 and w?
9
Let i = 156 + -57. Let k = i - 93. Let a be 200/11 - k/33. Calculate the greatest common factor of 6 and a.
6
Suppose g - 4*x = 0, 4*g = -x + 2*x. Suppose 4*p + 4*i - 4640 = g, 3*p - 1594 = -2*i + 1890. What is the highest common divisor of p and 12?
12
Suppose -4*i + 4*o = 93 - 237, 5*o = -2*i + 37. Calculate the highest common factor of i and 23.
1
Suppose 9*h - 72013 = -44*h - 48*h. Calculate the highest common factor of 184 and h.
23
Suppose 2*d + 858 = 4*d. Suppose -226*u - 10010 = -611*u. What is the greatest common factor of u and d?
13
Suppose -14*d = 159 - 47. Let u be (452 - 3) + d/(-8). Calculate the highest common divisor of 50 and u.
50
Suppose -5*b - 3*t = -3, 2*b + 5*t = b - 17. Suppose -76 = -7*j + b*j. Let z = -16 + j. Calculate the greatest common factor of z and 4.
1
Suppose -219*g + 12164 = -4261. What is the greatest common divisor of 150 and g?
75
Suppose -50*x + 2915 + 13197 = 162*x. Suppose -5*h + 1334 = 2*z, h - 2*z = 243 + 19. Calculate the highest common divisor of x and h.
38
Suppose -d - 31*t = -29*t - 21, 4*d - 72 = -4*t. Let g(w) = w**3 - 15*w**2 - 4*w + 64. Let c be g(d). What is the highest common divisor of 3 and c?
1
Let n = -94 - -805. Let v = n - 709. Calculate the greatest common divisor of 9 and v.
1
Let z = -60 - -58. Let r be 64342/1007 + z/(-19). Calculate the greatest common factor of 4 and r.
4
Let p(h) = h**3 - 6*h**2 + 8*h + 8. Let b be p(4). Suppose 704 + 48 = b*m. Let i = m + -62. Calculate the greatest common factor of 80 and i.
16
Let i(b) = -b**3 + 85*b**2 + 750*b - 72. Let l be i(93). Calculate the highest common divisor of 594 and l.
54
Suppose -d + 3*d + k - 572 = 0, -4*k = 3*d - 863. Let u = d + -272. Calculate the highest common divisor of 247 and u.
13
Suppose i + 2*t = 5095 - 1926, -3*i - 4*t = -9517. Let n be ((-3)/1)/(47674/i + -15). What is the highest common factor of 51 and n?
51
Let m = -2942 - -8285. Calculate the greatest common factor of 273 and m.
39
Let a be (14/6)/(10/30)*1. Let u(p) = 26*p - 132. Let y be u(a). What is the highest common factor of y and 800?
50
Suppose 122*m - 114*m - 384 = 0. Let s be (15 - 2) + 62 + -72. What is the highest common factor of s and m?
3
Let j = 9579 + -8489. What is the highest common factor of 3706 and j?
218
Let t(s) = 41*s**3 - s**2 - s + 1. Let g be t(1). Let w be (-5*2 - (96 - 115)) + -4. Calculate the greatest common divisor of g and w.
5
Suppose -5*b - 3*y + 308 = 0, b + 3*b - y - 260 = 0. Let o = b + -50. Let s be (34 + o)*2/3. Calculate the highest common factor of 256 and s.
32
Let s = 99 + -66. Suppose -544 = -s*j + 16*j. Calculate the highest common factor of 96 and j.
32
Let x = -790 + 2216. Calculate the highest common divisor of x and 46.
46
Let f(g) = 11*g - 6. Let q = 10 - 5. Let h be f(q). Let v = -1424 + 1473. What is the greatest common divisor of v and h?
49
Let n(a) = -a**2 + 7*a - 7. Let y be n(5). Let h be (22/4 - y)*8. What is the greatest common divisor of 70 and h?
10
Let y be 12 + (1 - (2/1)/(-2)). Let r = 152 - 222. Let g be 20/r + 3574/y. Calculate the greatest common divisor of 15 and g.
15
Let n(r) = 22*r**2 - 36*r - 26. Let y be n(9). What is the highest common factor of 152 and y?
8
Let d(v) = -49*v**3 - v**2 + 149*v + 302. Let q be d(-2). Calculate the highest common divisor of q and 20.
4
Suppose m = 176 + 20. Let y be 2/11 + m/11. Let v(l) = -393*l - 3054. Let g be v(-8). Calculate the greatest common factor of y and g.
18
Let b = -1380 + 5265. Calculate the highest common factor of 37 and b.
37
Suppose 3*y - 5*i = 9, -6*i = -3*i - 9. Calculate the greatest common divisor of 5080 and y.
8
Let z be (-6392)/(-28) - (-8)/(-196)*7. Suppose -6*v + 60 = -z. Let k = -6 + 14. Calculate the greatest common factor of v and k.
8
Let z = 2528 - 2524. Calculate the greatest common factor of 2748 and z.
4
Let l = 60 - 46. Let t(w) = -w**3 + 11*w**2 + 32*w + 18. Let p be t(l). Let s = p - -127. Calculate the greatest common factor of s and 40.
5
Suppose -3*d = 3*j - 2034, 0 = 163*j - 165*j - 5*d + 1338. Calculate the greatest common divisor of j and 513.
171
Let o = 4975 + -4891. Calculate the greatest common divisor of 1533 and o.
21
Suppose 0 = -3*a + 4*o + 299, 2*o + 412 = 4*a - 0*o. Let q = 20530 - 20495. What is the highest common divisor of a and q?
35
Let o(k) = -8*k + 23. Let g be 3/(-9) - (-1)/3. Let a be o(g). What is the highest common factor of a and 115?
23
Let h(g) = 4*g**3 + 355*g**2 - 89*g + 3. Let p be h(-89). Calculate the greatest common divisor of p and 1077.
3
Let m = 5154 + -5148. What is the highest common factor of m and 4950?
6
Suppose 1271*u + 10 = 1272*u. Let i = -3 + 9. Calculate the greatest common factor of i and u.
2
Let p(m) = m**3 + 2*m**2 + m + 94. Let z be p(0). Let r = 147 + -100. What is the highest common factor of r and z?
47
Let n(u) = u**2 + 156*u + 2080. Let m be n(-144). Calculate the highest common divisor of 187 and m.
11
Let t be 0 + -1 - (-25)/(-15)*-3. Suppose -t*v - 168 = -4*d, -5*d = -2*v + 4*v - 245. Let o = d - -118. What is the highest common divisor of o and 33?
33
Let s be 60/210 - (1340/(-14) - 2). Let c be 6356/s - (-6)/(-7). What is the greatest common factor of c and 16?
16
Let b(g) = 22*g**3 + 437*g**2 - 7*g - 17. Let d be b(-19). Calculate the highest common factor of 310 and d.
155
Suppose 4*a - 3*q = 3*a + 6, -2*q - 17 = -5*a. Suppose a = -g, w - 15 = 3*g + 34. Suppose 9*x - 131 = w. Calculate the greatest common factor of x and 209.
19
Suppose 0 = -7*x + 10*x + 8*x - 209088. Calculate the greatest common divisor of 33 and x.
33
Let q(x) = -2*x**3 - 3*x - 1. Let t be q(-2). Suppose 46 = t*f - 458. Calculate the greatest common factor of 30 and f.
6
Suppose -4*i = 20, 4*v - 46*i - 161 = -49*i. Suppose 4*o - 88 = -0*o. What is the greatest common divisor of v and o?
22
Let k be -1 + -8 - (16 - (974 + 11)). Calculate the greatest common factor of 1680 and k.
240
Suppose 0 = 2*r + 3*n - 489, n + 963 = 4*r + 2*n. Let z(v) = 4*v - 36. Let p be z(24). What is the greatest common factor of p and r?
60
Let t(h) = h - 2. Let f be t(3). Let o be (-4 + 24)*f/4 + -3. Suppose -5*j + 42 = o*q - 3*q, 12 = 2*j + 2*q. What is the greatest common divisor of 8 and j?
8
Suppose -d + 179 = f + 3*f, 2*f - 3*d = 107. Let k = -40 + f. Suppose 22*p - 450 = -3*p. What is the highest common divisor of p and k?
6
Let s = 2732 + -2722. Suppose 0 = -3*x - x + 120. Calculate the highest common divisor of x and s.
10
Suppose 0 = -w - 5*w - 84. Let u(b) = -b**2 - 10*b - 2. Let f be u(w). Let s = f - -148. What is the highest common divisor of s and 36?
18
Let n(t) = t**2 - 4*t - 2. Let q be n(4). Let d be q + 77/2 - (-3)/2. Calculate the highest common divisor of d and 95.
19
Let p be (-6)/(-9) - (-30)/9. Let z be p/(-10) + (-48)/(-20) + 0. Let v be ((-245)/15*z)/((-2)/3). Calculate the greatest common divisor of 7 and v.
7
Let x = -8031 + 8034. What is the greatest common factor of x and 3279?
3
Suppose -27*a + 14 = -25*a. Let c(l) = -l**2 - 18*l + 21. Let d be c(-18). Let y be (-4 + 5)/(-1 - (-24)/d). Calculate the highest common divisor of y and a.
7
Suppose 6*x + 10*x = 12*x. Suppose x = 3*n + 5*p - 46 + 3, -5*n + 3*p + 83 = 0. Calculate the highest common divisor of 88 and n.
8
Let y(k) = -53*k - 453. Let a be y(-9). What is the greatest common factor of 219 and a?
3
Suppose 2*u + 4*w = -u + 7, 4*u + 2*w = 26. Let a = 63 + -42. What is the highest common divisor of a and u?
3
Let p(d) = 59*d**2 + 2411*d + 45. Let x be p(-46). Calculate the greatest common divisor of 237 and x.
237
Suppose 5150